**2 + 928*x - 8. Give o(-6).
40
Let m(s) = -4*s**2 - 161*s + 115. Determine m(-41).
-8
Let v(y) = -34*y**3 + 2*y**2 - 2*y - 4. Calculate v(-2).
280
Let t(u) = -1196*u + 81328. What is t(68)?
0
Let w(h) = -73*h - 2784. Give w(-38).
-10
Let t(g) = 9*g + 19. Determine t(-11).
-80
Let a(q) = q**3 - 37*q**2 + 72*q - 14. What is a(35)?
56
Let k(y) = 43*y + 2328. What is k(-54)?
6
Let h(q) = -q**3 - 15*q**2 - 15*q - 15. Determine h(-14).
-1
Let b(n) = -146*n - 777. Determine b(-6).
99
Let o(n) = n**3 + 18*n**2 - 60*n + 45. Give o(-21).
-18
Let l(w) = -w**2 + 12*w - 26. What is l(-7)?
-159
Let f(z) = 2*z**3 - 9*z**2 - 27*z - 60. Calculate f(7).
-4
Let x(j) = -9*j + 255. Determine x(27).
12
Let c(h) = 246*h - 1078. Give c(8).
890
Let s(i) = -i**3 - 32*i**2 + 52*i - 680. Determine s(-34).
-136
Let y(h) = h**3 + 115*h**2 + 249*h + 2614. What is y(-113)?
15
Let z(a) = 35*a - 730. Calculate z(21).
5
Let n(o) = -o**3 + 183*o**2 + 3615*o + 597. What is n(201)?
-6
Let t(q) = q**3 - 11*q + 16. Give t(-4).
-4
Let b(y) = y**3 + 16*y**2 - 3*y - 127. What is b(-16)?
-79
Let c(r) = -r**2 + 4*r - 47. Determine c(-11).
-212
Let v(h) = -2*h**3 - 28*h**2 - 27*h - 21. Determine v(-13).
-8
Let q(f) = -65*f + 255. Give q(4).
-5
Let p(y) = -y**3 - 41*y**2 + 90*y + 65. Calculate p(-43).
-107
Let y(u) = -10*u**3 + 4*u**2 + 8*u + 7. What is y(-2)?
87
Let b(m) = 35*m**2 - 383*m - 32. Give b(11).
-10
Let o(d) = d**2 - 104*d + 409. Give o(4).
9
Let o(h) = 55*h - 106. Calculate o(3).
59
Let c(l) = 4*l**2 - 15*l - 123. Give c(8).
13
Let m(t) = -t**3 - 15*t**2 + 274*t + 3474. What is m(-20)?
-6
Let s(q) = -71*q + 401. What is s(6)?
-25
Let c(n) = 3*n - 21. Calculate c(1).
-18
Let x(q) = -2*q**2 + 371*q - 553. Determine x(184).
-1
Let p(g) = g**3 - 14*g**2 + 32*g + 14. Calculate p(3).
11
Let s(k) = 5*k**2 + 83*k + 236. Determine s(-3).
32
Let n(d) = -d**2 - 35*d + 117. Determine n(-38).
3
Let c(v) = -3*v**3 + 10*v - 24. Determine c(0).
-24
Let q(z) = -13*z + 290. Give q(28).
-74
Let b(t) = -t**2 - 89*t - 1973. Determine b(-50).
-23
Let s(u) = -3*u**2 + 302*u + 1958. Give s(-6).
38
Let s(r) = -32*r - 1241. Determine s(-39).
7
Let f(d) = 4*d**3 - 12*d**2 + 3*d - 5. What is f(4)?
71
Let d(u) = -u**2 - 27*u + 60. What is d(-25)?
110
Let v(n) = n**2 - 3*n - 1016. Calculate v(33).
-26
Let a(s) = 34*s**2 + 308*s + 26. Give a(-9).
8
Let n(o) = -7*o**3 - 3*o**2 + 5*o - 2. Calculate n(-3).
145
Let p(h) = h**2 - 98*h - 6077. What is p(-43)?
-14
Let g(y) = 836*y + 11710. What is g(-14)?
6
Let h(t) = -2*t**2 - 84*t - 358. What is h(-37)?
12
Let r(u) = 12*u**2 + 15*u + 39. What is r(-7)?
522
Let a(s) = s**3 - 161*s**2 - 164*s + 354. Give a(162).
30
Let s(l) = -l**3 + 22*l**2 + 104*l - 729. Determine s(25).
-4
Let x(g) = -66*g - 4406. Determine x(-67).
16
Let i(x) = -x**2 - 34*x - 139. What is i(-5)?
6
Let y(s) = 589*s + 8089. Determine y(-14).
-157
Let y(t) = t**2 + 248*t + 13849. What is y(-85)?
-6
Let f(s) = -s**3 - 17*s**2 - 45*s - 41. Give f(-14).
1
Let f(t) = -t**2 - 32*t + 2874. Determine f(40).
-6
Let t(z) = -3*z**2 - 6*z - 2. Determine t(-3).
-11
Let h(d) = d**3 - 22*d**2 + 77*d + 139. Calculate h(17).
3
Let v(p) = -2*p**3 - 47*p**2 + 32*p + 9. Calculate v(-24).
-183
Let c(z) = -2*z**2 + 24*z - 6. Determine c(10).
34
Let k(m) = -33*m**3 + 231*m**2 - 5*m + 15. Give k(7).
-20
Let s(d) = -d**2 + 13*d + 8. Give s(10).
38
Let r(p) = -p**3 + 5*p**2 - 5*p + 4. Calculate r(3).
7
Let x(o) = -o**3 + 9*o**2 + 3*o - 3. Determine x(8).
85
Let f(h) = h**2 - 138*h - 2360. Give f(-15).
-65
Let n(o) = o**3 - 17*o**2 + 38*o + 34. What is n(14)?
-22
Let g(l) = 59*l - 4243. What is g(72)?
5
Let c(l) = -2*l**2 - 70*l - 619. Determine c(-18).
-7
Let u(h) = 59*h + 312. Calculate u(-6).
-42
Let n(k) = k**2 - 39*k + 7. Determine n(24).
-353
Let t(h) = -2*h**2 + 28*h + 197. Calculate t(20).
-43
Let u(c) = -146*c**3 + 5*c**2 + 2*c - 2. Give u(-1).
147
Let h(b) = -59*b**2 + 16*b + 28. What is h(-3)?
-551
Let p(g) = 647*g + 9010. Determine p(-14).
-48
Let x(t) = 1549*t - 1566. Determine x(1).
-17
Let i(v) = -v**3 + 32*v**2 - 62*v - 77. Calculate i(30).
-137
Let t(s) = -2*s**2 - 108*s - 218. What is t(-2)?
-10
Let g(l) = -5*l**2 + 14*l - 5. Determine g(4).
-29
Let t(a) = -3*a**3 - 10*a**2 + 71*a - 60. Give t(-7).
-18
Let n(a) = -2*a**3 + 2*a**2 - 5*a + 121. Calculate n(4).
5
Let x(k) = k**2 + 32*k - 86. Determine x(-34).
-18
Let z(d) = -d**3 - 12*d**2 - 10*d + 14. Determine z(-10).
-86
Let s(p) = 445*p - 14210. What is s(32)?
30
Let j(a) = -4*a - 162. Calculate j(-37).
-14
Let u(t) = -467*t - 3740. Give u(-8).
-4
Let b(d) = 219*d + 4371. Calculate b(-20).
-9
Let o(d) = 2*d**3 - 319*d**2 + 156*d + 462. Determine o(159).
-15
Let a(w) = w**3 - w**2 - 18*w - 28. Calculate a(6).
44
Let u(p) = -103*p - 705. What is u(-7)?
16
Let y(l) = -27*l - 981. Determine y(-29).
-198
Let z(w) = -37*w - 85. Calculate z(-11).
322
Let y(t) = 138*t - 25405. Calculate y(184).
-13
Let h(i) = i**3 - 5*i**2 - 14*i + 49. What is h(6)?
1
Let a(g) = -g**2 - 326*g - 7524. What is a(-25)?
1
Let t(j) = -j**3 + 21*j**2 + 135*j - 449. What is t(-7)?
-22
Let w(f) = f**2 - 18*f - 42. What is w(21)?
21
Let v(c) = -10585*c - 63518. Determine v(-6).
-8
Let z(u) = -92*u + 8097. Determine z(88).
1
Let z(y) = -8*y - 156. Give z(-21).
12
Let o(u) = 21*u**2 + 9*u + 39. Calculate o(-3).
201
Let v(s) = -s**3 - 70*s**2 - 77*s - 260. Determine v(-69).
292
Let r(w) = 7*w**2 + 98*w + 242. Give r(-11).
11
Let y(l) = 2*l**3 - 39*l**2 + 229*l - 4935. Calculate y(20).
45
Let a(o) = o**3 - 32*o**2 - 104*o - 31. Calculate a(35).
4
Let w(z) = -26*z**2 + 181*z - 4. What is w(7)?
-11
Let n(m) = -m**2 + 43*m + 194. What is n(-4)?
6
Let a(c) = 4590*c - 22947. What is a(5)?
3
Let q(i) = -i**2 - 2*i - 225. What is q(14)?
-449
Let i(m) = -m**3 - 11*m**2 - 23*m - 20. Give i(-6).
-62
Let c(w) = -480*w + 2570. What is c(5)?
170
Let j(c) = c**2 + 27*c + 129. Calculate j(-21).
3
Let l(c) = 4*c**3 - 37*c**2 + 65*c - 491. Calculate l(9).
13
Let h(k) = -k**3 + 3*k**2 - 36*k + 226. Calculate h(5).
-4
Let d(x) = -209*x + 620. Give d(3).
-7
Let q(j) = 3*j**2 + 18*j. Determine q(-9).
81
Let j(k) = -52*k**2 - 91*k + 27. Determine j(-2).
1
Let x(n) = -115*n**3 + 3*n**2 + 25*n + 23. Calculate x(-1).
116
Let n(g) = g**3 + 15*g**2 - 6*g - 3. What is n(-16)?
-163
Let q(j) = 9*j**2 + 197*j - 443. Give q(-24).
13
Let l(f) = -16*f**3 - 5*f**2 + 34. Determine l(3).
-443
Let g(u) = -u**3 + 52*u**2 + 926*u - 53. Give g(66).
79
Let w(g) = 2*g**3 + 71*g**2 + 102*g + 50. Give w(-34).
50
Let r(m) = m**2 + 77*m - 3099. Determine r(-106).
-25
Let w(n) = -14174*n - 510260. What is w(-36)?
4
Let l(c) = 111*c**2 - 1332*c + 12. Give l(12).
12
Let k(t) = 338*t - 6792. Determine k(20).
-32
Let g(i) = i**3 + 35*i**2 + 17*i + 585. Determine g(-35).
-10
Let g(r) = 2*r**3 + 71*r**2 + 34*r + 49. Give g(-35).
84
Let p(i) = -i**2 + 21*i + 3. Calculate p(16).
83
Let o(d) = d**3 - 11*d**2 - 1611*d - 16. What is o(-35)?
19
Let u(z) = 17*z + 291. Determine u(-13).
70
Let x(p) = -10*p**2 - 57*p - 76. What is x(-3)?
5
Let i(d) = -3*d**2 - 4639*d - 18511. Determine i(-4).
-3
Let b(h) = -h**3 - 11*h**2 + 45*h - 144. What is b(-15)?
81
Let c(z) = 15*z**2 - 48*z - 14. Give c(4).
34
Let x(b) = -262*b + 274. Calculate x(1).
12
Let n(q) = 4240*q + 84792. Give n(-20).
-8
Let z(g) = -24*g - 1751. Calculate z(-74).
25
Let s(j) = -j**2 + 39*j - 181. What is s(5)?
-11
Let a(t) = t**3 + 7*t - 25. Determine a(2).
-3
Let z(k) = -7*k + 27. Calculate z(3).
6
Let g(l) = -50*l**2 + 6. Determine g(2).
-194
Let d(q) = -q**3 + 53*q**2 + 74*q - 1088. What is d(54)?
-8
Let v(n) = 2*n**3 - 30*n**2 - 19*n - 226. Determine v(17).
607
Let n(j) = 3*j**2 + 5710*j - 11431. Determine n(2).
1
Let b(a) = 451*a + 2669. What is b(-6)?
-37
Let y(h) = -139*h + 3084. Give y(22).
26
Let y(p) = 9*p**2 - 36*p + 5. Calculate y(-7).
698
Let c(w) = -w**3 + 20*w**2 + 125*w + 33. Determine c(25).
33
Let v(a) = -a**2 - 38*a + 251. Give v(7).
-64
Let u(b) = -b**3 - 85*b**2 + 188*b + 1240. Give u(-87).
22
Let z(d) = -d**2 + 111*d - 2271. What is z(27)?
-3
Let q(n) = 439*n - 476. What is q(1)?
-37
Let i(c) = -4*c**2 - 86*c - 63. Give i(-20).
57
Let r(a) = a**3 + 8*a**2 + 12*a - 30. What is r(-7)?
-65
Let o(v) = -220*v + 2206. Give o(10).
6
Let t(j) = -j**2 - j + 91. Calculat